{"id":1348,"date":"2026-02-25T13:40:36","date_gmt":"2026-02-25T12:40:36","guid":{"rendered":"https:\/\/zoldsziget.suli.hu\/?page_id=1348"},"modified":"2026-04-13T08:40:25","modified_gmt":"2026-04-13T06:40:25","slug":"beiratozas","status":"publish","type":"page","link":"https:\/\/zoldsziget.suli.hu\/?page_id=1348","title":{"rendered":"Beiratoz\u00e1s"},"content":{"rendered":"\t\t<div data-elementor-type=\"wp-page\" data-elementor-id=\"1348\" class=\"elementor elementor-1348\">\n\t\t\t\t<div class=\"elementor-element elementor-element-da2c685 e-grid e-con-boxed e-con e-parent\" data-id=\"da2c685\" data-element_type=\"container\" data-e-type=\"container\">\n\t\t\t\t\t<div class=\"e-con-inner\">\n\t\t\t\t<div class=\"elementor-element elementor-element-79ab86d elementor-widget elementor-widget-image\" data-id=\"79ab86d\" data-element_type=\"widget\" data-e-type=\"widget\" data-widget_type=\"image.default\">\n\t\t\t\t<div class=\"elementor-widget-container\">\n\t\t\t\t\t\t\t\t\t\t\t\t\t\t\t<img fetchpriority=\"high\" decoding=\"async\" width=\"640\" height=\"906\" src=\"https:\/\/zoldsziget.suli.hu\/wp-content\/uploads\/2026\/03\/Kepernyokep-2026-03-23-152721.png\" class=\"attachment-medium_large size-medium_large wp-image-1454\" alt=\"\" srcset=\"https:\/\/zoldsziget.suli.hu\/wp-content\/uploads\/2026\/03\/Kepernyokep-2026-03-23-152721.png 759w, https:\/\/zoldsziget.suli.hu\/wp-content\/uploads\/2026\/03\/Kepernyokep-2026-03-23-152721-212x300.png 212w, https:\/\/zoldsziget.suli.hu\/wp-content\/uploads\/2026\/03\/Kepernyokep-2026-03-23-152721-724x1024.png 724w\" sizes=\"(max-width: 640px) 100vw, 640px\" \/>\t\t\t\t\t\t\t\t\t\t\t\t\t\t\t<\/div>\n\t\t\t\t<\/div>\n\t\t\t\t<div class=\"elementor-element elementor-element-03ec750 elementor-widget elementor-widget-text-editor\" data-id=\"03ec750\" data-element_type=\"widget\" data-e-type=\"widget\" data-widget_type=\"text-editor.default\">\n\t\t\t\t<div class=\"elementor-widget-container\">\n\t\t\t\t\t\t\t\t\t<p>\u00a0<\/p><p>\u00a0<\/p><p>\u00a0<\/p><p><strong>Az al\u00e1bbi t\u00e1j\u00e9koztat\u00f3 az online beiratkoz\u00e1sr\u00f3l ad inform\u00e1ci\u00f3t<\/strong>:\u00a0<a href=\"https:\/\/zoldsziget.suli.hu\/wp-content\/uploads\/2026\/04\/BAI_Szuloi-tajekoztato_2026.pdf\">B\u00c1I_Sz\u00fcl\u0151i t\u00e1j\u00e9koztat\u00f3_2026<\/a><\/p>\t\t\t\t\t\t\t\t<\/div>\n\t\t\t\t<\/div>\n\t\t\t\t\t<\/div>\n\t\t\t\t<\/div>\n\t\t<div class=\"elementor-element elementor-element-1147d55 e-flex e-con-boxed e-con e-parent\" data-id=\"1147d55\" data-element_type=\"container\" data-e-type=\"container\">\n\t\t\t\t\t<div class=\"e-con-inner\">\n\t\t\t\t\t<\/div>\n\t\t\t\t<\/div>\n\t\t<div class=\"elementor-element elementor-element-222361d e-flex e-con-boxed e-con e-parent\" data-id=\"222361d\" data-element_type=\"container\" data-e-type=\"container\">\n\t\t\t\t\t<div class=\"e-con-inner\">\n\t\t\t\t\t<\/div>\n\t\t\t\t<\/div>\n\t\t\t\t<\/div>\n\t\t","protected":false},"excerpt":{"rendered":"<p>\u00a0 \u00a0 \u00a0 Az al\u00e1bbi t\u00e1j\u00e9koztat\u00f3 az online beiratkoz\u00e1sr\u00f3l ad inform\u00e1ci\u00f3t:\u00a0B\u00c1I_Sz\u00fcl\u0151i t\u00e1j\u00e9koztat\u00f3_2026<\/p>\n","protected":false},"author":3,"featured_media":0,"parent":0,"menu_order":0,"comment_status":"closed","ping_status":"closed","template":"elementor_header_footer","meta":{"footnotes":""},"class_list":["post-1348","page","type-page","status-publish","hentry"],"_links":{"self":[{"href":"https:\/\/zoldsziget.suli.hu\/index.php?rest_route=\/wp\/v2\/pages\/1348","targetHints":{"allow":["GET"]}}],"collection":[{"href":"https:\/\/zoldsziget.suli.hu\/index.php?rest_route=\/wp\/v2\/pages"}],"about":[{"href":"https:\/\/zoldsziget.suli.hu\/index.php?rest_route=\/wp\/v2\/types\/page"}],"author":[{"embeddable":true,"href":"https:\/\/zoldsziget.suli.hu\/index.php?rest_route=\/wp\/v2\/users\/3"}],"replies":[{"embeddable":true,"href":"https:\/\/zoldsziget.suli.hu\/index.php?rest_route=%2Fwp%2Fv2%2Fcomments&post=1348"}],"version-history":[{"count":16,"href":"https:\/\/zoldsziget.suli.hu\/index.php?rest_route=\/wp\/v2\/pages\/1348\/revisions"}],"predecessor-version":[{"id":1472,"href":"https:\/\/zoldsziget.suli.hu\/index.php?rest_route=\/wp\/v2\/pages\/1348\/revisions\/1472"}],"wp:attachment":[{"href":"https:\/\/zoldsziget.suli.hu\/index.php?rest_route=%2Fwp%2Fv2%2Fmedia&parent=1348"}],"curies":[{"name":"wp","href":"https:\/\/api.w.org\/{rel}","templated":true}]}}